{"id":1143,"date":"2023-11-14T15:23:40","date_gmt":"2023-11-14T14:23:40","guid":{"rendered":"https:\/\/reseau-iles-casamance.org\/?page_id=1143"},"modified":"2025-10-22T16:50:12","modified_gmt":"2025-10-22T14:50:12","slug":"autonomisation-economique-des-femmes-des-iles","status":"publish","type":"page","link":"https:\/\/reseau-iles-casamance.org\/?page_id=1143","title":{"rendered":"Autonomisation \u00e9conomique des femmes des iles"},"content":{"rendered":"<div data-colibri-id=\"1143-c1\" class=\"style-1079 style-local-1143-c1 position-relative\">\r\n  <!---->\r\n  <div data-colibri-component=\"section\" data-colibri-id=\"1143-c17\" id=\"photo-gallery\" class=\"h-section h-section-global-spacing d-flex align-items-lg-center align-items-md-center align-items-center style-1619 style-local-1143-c17 position-relative\">\r\n    <!---->\r\n    <!---->\r\n    <div class=\"h-section-grid-container h-section-boxed-container\">\r\n      <div data-colibri-id=\"1143-c21\" class=\"h-row-container gutters-row-lg-2 gutters-row-md-2 gutters-row-2 gutters-row-v-lg-2 gutters-row-v-md-2 gutters-row-v-2 style-1623 style-local-1143-c21 position-relative\">\r\n        <!---->\r\n        <div class=\"h-row justify-content-lg-center justify-content-md-center justify-content-center align-items-lg-stretch align-items-md-stretch align-items-stretch gutters-col-lg-2 gutters-col-md-2 gutters-col-2 gutters-col-v-lg-2 gutters-col-v-md-2 gutters-col-v-2\">\r\n          <!---->\r\n          <div class=\"h-column h-column-container d-flex h-col-lg-auto h-col-md-auto h-col-auto style-1624-outer style-local-1143-c22-outer\">\r\n            <div data-colibri-id=\"1143-c22\" class=\"d-flex h-flex-basis h-column__inner h-px-lg-2 h-px-md-2 h-px-2 v-inner-lg-2 v-inner-md-2 v-inner-2 style-1624 style-local-1143-c22 position-relative\">\r\n              <!---->\r\n              <!---->\r\n              <div class=\"w-100 h-y-container h-column__content h-column__v-align flex-basis-100 align-self-lg-start align-self-md-start align-self-start\">\r\n                <!---->\r\n                <div data-colibri-id=\"1143-c23\" class=\"h-global-transition-all h-heading style-1625 style-local-1143-c23 position-relative h-element\">\r\n                  <!---->\r\n                  <div class=\"h-heading__outer style-1625 style-local-1143-c23\">\r\n                    <!---->\r\n                    <!---->\r\n                    <h2 class=\"\">Autonomisation \u00e9conomique des femmes des iles<\/h2>\r\n                  <\/div>\r\n                <\/div>\r\n                <div data-colibri-id=\"1143-c24\" class=\"h-text h-text-component style-1626 style-local-1143-c24 position-relative h-element\">\r\n                  <!---->\r\n                  <!---->\r\n                  <div class=\"\">\r\n                    <p>L\u2019autonomisation des femmes des \u00eeles commence par leurs acc\u00e8s aux opportunit\u00e9s \u00e9conomiques. Dans les petites de la Casamance, les activit\u00e9s \u00e9conomiques des femmes tournent autour de la cueillette des produits halieutiques (coquillages,\r\n                      etc.), des produits forestiers et la transformation de ces produits pour la commercialisation&nbsp;; l\u2019agriculture n\u2019\u00e9tant pas une activit\u00e9 commerciale sinon destin\u00e9e \u00e0 la consommation des familles.&nbsp;<\/p>\r\n                    <p>Les produits transform\u00e9s par les femmes des \u00eeles sont tr\u00e8s appr\u00e9ci\u00e9s et tr\u00e8s demand\u00e9s dans les march\u00e9s des grandes villes du S\u00e9n\u00e9gal. Parmi les produits halieutiques, il y a&nbsp;: les hu\u00eetres s\u00e9ch\u00e9es ou fum\u00e9es, le poisson s\u00e9ch\u00e9, le\r\n                      poisson fum\u00e9, les arches s\u00e9ch\u00e9s, le volute s\u00e9ch\u00e9 (yet en wolof), les crevettes s\u00e9ch\u00e9es, etc. Tous ces produits sont utilis\u00e9s dans la pr\u00e9paration de la plupart des repas au S\u00e9n\u00e9gal et sont tr\u00e8s pris\u00e9s par cons\u00e9quent. Par rapport aux\r\n                      produits forestiers ou v\u00e9g\u00e9taux les plus r\u00e9pandus il y a les noix de coco, le detarium senegalensis (ditax en wolof), le madd, le tol, le solom, le n\u00e8fle (new en wolof), etc. qui sont aussi tr\u00e8s bien vendus partout au S\u00e9n\u00e9gal. Les\r\n                      activit\u00e9s des femmes des \u00eeles tournent autour de la transformation et la commercialisation de tous ces produits.&nbsp;<\/p>\r\n                    <p>M\u00eame si les \u00eeles regorgent d\u2019un immense potentiel sur l\u2019ensemble de ces produits, la production locale est tr\u00e8s faible et tr\u00e8s rudimentaire et les femmes ne gagnent pas assez de revenus.&nbsp;Le R\u00e9seau des \u00eeles de Basse Casamance cherche\r\n                      \u00e0 transformer ce secteur \u00e9conomique des femmes en une v\u00e9ritable source d\u2019autonomisation \u00e9conomique, en formant davantage les femmes sur de meilleures techniques de production, en les dotant des \u00e9quipements qui r\u00e9duiraient la lourdeur\r\n                      du travail et augmenteraient la production. Il s\u2019agira d\u2019organiser les femmes autour d&rsquo;unit\u00e9s de production et de transformation des produits locaux qui facilitent une production de meilleure qualit\u00e9 et en quantit\u00e9. Elles pourront\r\n                      b\u00e9n\u00e9ficier des formations de renforcement organisationnel, en entrepreneuriat pratique et d\u2019accompagnement pour une labellisation des produits locaux des \u00eeles et une bonne commercialisation.&nbsp;<\/p>\r\n                    <p>En plus de ce secteur d\u2019activit\u00e9, il y a un int\u00e9r\u00eat croissant des femmes pour le mara\u00eechage. Dans la plupart des \u00eeles, les femmes disposent d\u2019une petite ferme agricole o\u00f9 elles pratiquent le mara\u00eechage principalement pour la commercialisation.\r\n                      Le renforcement en \u00e9quipements des fermes situ\u00e9es dans les \u00eeles les plus propices au d\u00e9veloppement du mara\u00eechage et la protection de ces fermes contre les animaux divagants par une cl\u00f4ture en grillage permettraient de renforcer la\r\n                      diversification des moyens d\u2019autonomisation \u00e9conomique des femmes des \u00eeles.&nbsp;<\/p>\r\n                  <\/div>\r\n                <\/div>\r\n              <\/div>\r\n            <\/div>\r\n          <\/div>\r\n        <\/div>\r\n      <\/div>\r\n      <div data-colibri-id=\"1143-c18\" class=\"h-row-container gutters-row-lg-2 gutters-row-md-2 gutters-row-2 gutters-row-v-lg-2 gutters-row-v-md-2 gutters-row-v-2 style-1620 style-local-1143-c18 position-relative\">\r\n        <!---->\r\n        <div class=\"h-row justify-content-lg-center justify-content-md-center justify-content-center align-items-lg-stretch align-items-md-stretch align-items-stretch gutters-col-lg-2 gutters-col-md-2 gutters-col-2 gutters-col-v-lg-2 gutters-col-v-md-2 gutters-col-v-2\">\r\n          <!---->\r\n          <div class=\"h-column h-column-container d-flex h-col-lg-auto h-col-md-auto h-col-auto style-1621-outer style-local-1143-c19-outer\">\r\n            <div data-colibri-id=\"1143-c19\" class=\"d-flex h-flex-basis h-column__inner h-px-lg-2 h-px-md-2 h-px-2 v-inner-lg-2 v-inner-md-2 v-inner-2 style-1621 style-local-1143-c19 position-relative\">\r\n              <!---->\r\n              <!---->\r\n              <div class=\"w-100 h-y-container h-column__content h-column__v-align flex-basis-100 align-self-lg-start align-self-md-start align-self-start\">\r\n                <!---->\r\n                <div data-colibri-component=\"masonry\" data-colibri-id=\"1143-c20\" class=\"h-photo-gallery margin-none caption-none style-1622 style-local-1143-c20 position-relative h-element\">\r\n                  <!---->\r\n                  <div class=\"h-global-transition-all caption-wrapper-full\"><div id='colibri-1143-c20' class='gallery-wrapper'>    <style type=\"text\/css\">\n\n        @media (min-width: 1023px) {        #colibri-1143-c20        dl {\n            float: left;\n            width: 33.333333333333% !important;\n            max-width: 33.333333333333% !important;\n            min-width: 33.333333333333% !important;\n        }\n\n        #colibri-1143-c20        dl:nth-of-type(3n +1 ) {\n            clear: both;\n        }\n\n        }@media (min-width: 768px) and (max-width: 1023px) {        #colibri-1143-c20        dl {\n            float: left;\n            width: 33.333333333333% !important;\n            max-width: 33.333333333333% !important;\n            min-width: 33.333333333333% !important;\n        }\n\n        #colibri-1143-c20        dl:nth-of-type(3n +1 ) {\n            clear: both;\n        }\n\n        }@media (max-width: 767px) {        #colibri-1143-c20        dl {\n            float: left;\n            width: 50% !important;\n            max-width: 50% !important;\n            min-width: 50% !important;\n        }\n\n        #colibri-1143-c20        dl:nth-of-type(2n +1 ) {\n            clear: both;\n        }\n\n        }\n        #colibri-1143-c20        .gallery-item {\n            position: relative;\n        }\n\n        \n    <\/style>\n    <div   class='colibri-1143-c20-dls-wrapper gallery-items-wrapper' ><dl class='gallery-item masonry-item'>\n\t\t\t<dt class='gallery-icon landscape'>\n\t\t\t\t<a data-fancybox=\"colibri-1143-c20-group\" href='https:\/\/reseau-iles-casamance.org\/wp-content\/uploads\/2023\/12\/IMG_20200307_105538-scaled.jpg'><img fetchpriority=\"high\" decoding=\"async\"  width=\"1024\" height=\"768\" src=\"https:\/\/reseau-iles-casamance.org\/wp-content\/uploads\/2023\/12\/IMG_20200307_105538-1024x768.jpg\"  class='colibri-1143-c20-image' alt=\"\" srcset=\"https:\/\/reseau-iles-casamance.org\/wp-content\/uploads\/2023\/12\/IMG_20200307_105538-1024x768.jpg 1024w, https:\/\/reseau-iles-casamance.org\/wp-content\/uploads\/2023\/12\/IMG_20200307_105538-300x225.jpg 300w, https:\/\/reseau-iles-casamance.org\/wp-content\/uploads\/2023\/12\/IMG_20200307_105538-768x576.jpg 768w, https:\/\/reseau-iles-casamance.org\/wp-content\/uploads\/2023\/12\/IMG_20200307_105538-1536x1152.jpg 1536w, https:\/\/reseau-iles-casamance.org\/wp-content\/uploads\/2023\/12\/IMG_20200307_105538-2048x1536.jpg 2048w\" sizes=\"(max-width: 1024px) 100vw, 1024px\" \/><\/a>\n\t\t\t<\/dt><\/dl><dl class='gallery-item masonry-item'>\n\t\t\t<dt class='gallery-icon landscape'>\n\t\t\t\t<a data-fancybox=\"colibri-1143-c20-group\" href='https:\/\/reseau-iles-casamance.org\/wp-content\/uploads\/2023\/12\/11-1-scaled.jpg'><img decoding=\"async\"  width=\"1024\" height=\"576\" src=\"https:\/\/reseau-iles-casamance.org\/wp-content\/uploads\/2023\/12\/11-1-1024x576.jpg\"  class='colibri-1143-c20-image' alt=\"\" srcset=\"https:\/\/reseau-iles-casamance.org\/wp-content\/uploads\/2023\/12\/11-1-1024x576.jpg 1024w, https:\/\/reseau-iles-casamance.org\/wp-content\/uploads\/2023\/12\/11-1-300x169.jpg 300w, https:\/\/reseau-iles-casamance.org\/wp-content\/uploads\/2023\/12\/11-1-768x432.jpg 768w, https:\/\/reseau-iles-casamance.org\/wp-content\/uploads\/2023\/12\/11-1-1536x864.jpg 1536w, https:\/\/reseau-iles-casamance.org\/wp-content\/uploads\/2023\/12\/11-1-2048x1152.jpg 2048w\" sizes=\"(max-width: 1024px) 100vw, 1024px\" \/><\/a>\n\t\t\t<\/dt><\/dl><dl class='gallery-item masonry-item'>\n\t\t\t<dt class='gallery-icon landscape'>\n\t\t\t\t<a data-fancybox=\"colibri-1143-c20-group\" href='https:\/\/reseau-iles-casamance.org\/wp-content\/uploads\/2023\/12\/23-scaled.jpg'><img decoding=\"async\"  width=\"1024\" height=\"576\" src=\"https:\/\/reseau-iles-casamance.org\/wp-content\/uploads\/2023\/12\/23-1024x576.jpg\"  class='colibri-1143-c20-image' alt=\"\" srcset=\"https:\/\/reseau-iles-casamance.org\/wp-content\/uploads\/2023\/12\/23-1024x576.jpg 1024w, https:\/\/reseau-iles-casamance.org\/wp-content\/uploads\/2023\/12\/23-300x169.jpg 300w, https:\/\/reseau-iles-casamance.org\/wp-content\/uploads\/2023\/12\/23-768x432.jpg 768w, https:\/\/reseau-iles-casamance.org\/wp-content\/uploads\/2023\/12\/23-1536x864.jpg 1536w, https:\/\/reseau-iles-casamance.org\/wp-content\/uploads\/2023\/12\/23-2048x1152.jpg 2048w\" sizes=\"(max-width: 1024px) 100vw, 1024px\" \/><\/a>\n\t\t\t<\/dt><\/dl><dl class='gallery-item masonry-item'>\n\t\t\t<dt class='gallery-icon landscape'>\n\t\t\t\t<a data-fancybox=\"colibri-1143-c20-group\" href='https:\/\/reseau-iles-casamance.org\/wp-content\/uploads\/2023\/12\/DSC_0162-scaled.jpg'><img loading=\"lazy\" decoding=\"async\"  width=\"1024\" height=\"683\" src=\"https:\/\/reseau-iles-casamance.org\/wp-content\/uploads\/2023\/12\/DSC_0162-1024x683.jpg\"  class='colibri-1143-c20-image' alt=\"\" srcset=\"https:\/\/reseau-iles-casamance.org\/wp-content\/uploads\/2023\/12\/DSC_0162-1024x683.jpg 1024w, https:\/\/reseau-iles-casamance.org\/wp-content\/uploads\/2023\/12\/DSC_0162-300x200.jpg 300w, https:\/\/reseau-iles-casamance.org\/wp-content\/uploads\/2023\/12\/DSC_0162-768x512.jpg 768w, https:\/\/reseau-iles-casamance.org\/wp-content\/uploads\/2023\/12\/DSC_0162-1536x1024.jpg 1536w, https:\/\/reseau-iles-casamance.org\/wp-content\/uploads\/2023\/12\/DSC_0162-2048x1365.jpg 2048w\" sizes=\"(max-width: 1024px) 100vw, 1024px\" \/><\/a>\n\t\t\t<\/dt><\/dl><dl class='gallery-item masonry-item'>\n\t\t\t<dt class='gallery-icon landscape'>\n\t\t\t\t<a data-fancybox=\"colibri-1143-c20-group\" href='https:\/\/reseau-iles-casamance.org\/wp-content\/uploads\/2023\/12\/DSC_0171-scaled.jpg'><img loading=\"lazy\" decoding=\"async\"  width=\"1024\" height=\"683\" src=\"https:\/\/reseau-iles-casamance.org\/wp-content\/uploads\/2023\/12\/DSC_0171-1024x683.jpg\"  class='colibri-1143-c20-image' alt=\"\" srcset=\"https:\/\/reseau-iles-casamance.org\/wp-content\/uploads\/2023\/12\/DSC_0171-1024x683.jpg 1024w, https:\/\/reseau-iles-casamance.org\/wp-content\/uploads\/2023\/12\/DSC_0171-300x200.jpg 300w, https:\/\/reseau-iles-casamance.org\/wp-content\/uploads\/2023\/12\/DSC_0171-768x512.jpg 768w, https:\/\/reseau-iles-casamance.org\/wp-content\/uploads\/2023\/12\/DSC_0171-1536x1024.jpg 1536w, https:\/\/reseau-iles-casamance.org\/wp-content\/uploads\/2023\/12\/DSC_0171-2048x1365.jpg 2048w\" sizes=\"(max-width: 1024px) 100vw, 1024px\" \/><\/a>\n\t\t\t<\/dt><\/dl><dl class='gallery-item masonry-item'>\n\t\t\t<dt class='gallery-icon landscape'>\n\t\t\t\t<a data-fancybox=\"colibri-1143-c20-group\" href='https:\/\/reseau-iles-casamance.org\/wp-content\/uploads\/2023\/12\/DSC_0181-1-scaled.jpg'><img loading=\"lazy\" decoding=\"async\"  width=\"1024\" height=\"683\" src=\"https:\/\/reseau-iles-casamance.org\/wp-content\/uploads\/2023\/12\/DSC_0181-1-1024x683.jpg\"  class='colibri-1143-c20-image' alt=\"\" srcset=\"https:\/\/reseau-iles-casamance.org\/wp-content\/uploads\/2023\/12\/DSC_0181-1-1024x683.jpg 1024w, https:\/\/reseau-iles-casamance.org\/wp-content\/uploads\/2023\/12\/DSC_0181-1-300x200.jpg 300w, https:\/\/reseau-iles-casamance.org\/wp-content\/uploads\/2023\/12\/DSC_0181-1-768x512.jpg 768w, https:\/\/reseau-iles-casamance.org\/wp-content\/uploads\/2023\/12\/DSC_0181-1-1536x1024.jpg 1536w, https:\/\/reseau-iles-casamance.org\/wp-content\/uploads\/2023\/12\/DSC_0181-1-2048x1365.jpg 2048w\" sizes=\"(max-width: 1024px) 100vw, 1024px\" \/><\/a>\n\t\t\t<\/dt><\/dl><dl class='gallery-item masonry-item'>\n\t\t\t<dt class='gallery-icon landscape'>\n\t\t\t\t<a data-fancybox=\"colibri-1143-c20-group\" href='https:\/\/reseau-iles-casamance.org\/wp-content\/uploads\/2023\/12\/DSC_0815-scaled.jpg'><img loading=\"lazy\" decoding=\"async\"  width=\"1024\" height=\"683\" src=\"https:\/\/reseau-iles-casamance.org\/wp-content\/uploads\/2023\/12\/DSC_0815-1024x683.jpg\"  class='colibri-1143-c20-image' alt=\"\" srcset=\"https:\/\/reseau-iles-casamance.org\/wp-content\/uploads\/2023\/12\/DSC_0815-1024x683.jpg 1024w, https:\/\/reseau-iles-casamance.org\/wp-content\/uploads\/2023\/12\/DSC_0815-300x200.jpg 300w, https:\/\/reseau-iles-casamance.org\/wp-content\/uploads\/2023\/12\/DSC_0815-768x512.jpg 768w, https:\/\/reseau-iles-casamance.org\/wp-content\/uploads\/2023\/12\/DSC_0815-1536x1024.jpg 1536w, https:\/\/reseau-iles-casamance.org\/wp-content\/uploads\/2023\/12\/DSC_0815-2048x1365.jpg 2048w\" sizes=\"(max-width: 1024px) 100vw, 1024px\" \/><\/a>\n\t\t\t<\/dt><\/dl><dl class='gallery-item masonry-item'>\n\t\t\t<dt class='gallery-icon landscape'>\n\t\t\t\t<a data-fancybox=\"colibri-1143-c20-group\" href='https:\/\/reseau-iles-casamance.org\/wp-content\/uploads\/2023\/12\/IMG_4910-scaled.jpg'><img loading=\"lazy\" decoding=\"async\"  width=\"1024\" height=\"576\" src=\"https:\/\/reseau-iles-casamance.org\/wp-content\/uploads\/2023\/12\/IMG_4910-1024x576.jpg\"  class='colibri-1143-c20-image' alt=\"\" srcset=\"https:\/\/reseau-iles-casamance.org\/wp-content\/uploads\/2023\/12\/IMG_4910-1024x576.jpg 1024w, https:\/\/reseau-iles-casamance.org\/wp-content\/uploads\/2023\/12\/IMG_4910-300x169.jpg 300w, https:\/\/reseau-iles-casamance.org\/wp-content\/uploads\/2023\/12\/IMG_4910-768x432.jpg 768w, https:\/\/reseau-iles-casamance.org\/wp-content\/uploads\/2023\/12\/IMG_4910-1536x864.jpg 1536w, https:\/\/reseau-iles-casamance.org\/wp-content\/uploads\/2023\/12\/IMG_4910-2048x1152.jpg 2048w\" sizes=\"(max-width: 1024px) 100vw, 1024px\" \/><\/a>\n\t\t\t<\/dt><\/dl><dl class='gallery-item masonry-item'>\n\t\t\t<dt class='gallery-icon landscape'>\n\t\t\t\t<a data-fancybox=\"colibri-1143-c20-group\" href='https:\/\/reseau-iles-casamance.org\/wp-content\/uploads\/2023\/12\/IMG_7817-scaled.jpg'><img loading=\"lazy\" decoding=\"async\"  width=\"1024\" height=\"768\" src=\"https:\/\/reseau-iles-casamance.org\/wp-content\/uploads\/2023\/12\/IMG_7817-1024x768.jpg\"  class='colibri-1143-c20-image' alt=\"\" srcset=\"https:\/\/reseau-iles-casamance.org\/wp-content\/uploads\/2023\/12\/IMG_7817-1024x768.jpg 1024w, https:\/\/reseau-iles-casamance.org\/wp-content\/uploads\/2023\/12\/IMG_7817-300x225.jpg 300w, https:\/\/reseau-iles-casamance.org\/wp-content\/uploads\/2023\/12\/IMG_7817-768x576.jpg 768w, https:\/\/reseau-iles-casamance.org\/wp-content\/uploads\/2023\/12\/IMG_7817-1536x1152.jpg 1536w, https:\/\/reseau-iles-casamance.org\/wp-content\/uploads\/2023\/12\/IMG_7817-2048x1536.jpg 2048w\" sizes=\"(max-width: 1024px) 100vw, 1024px\" \/><\/a>\n\t\t\t<\/dt><\/dl><dl class='gallery-item masonry-item'>\n\t\t\t<dt class='gallery-icon landscape'>\n\t\t\t\t<a data-fancybox=\"colibri-1143-c20-group\" href='https:\/\/reseau-iles-casamance.org\/wp-content\/uploads\/2023\/12\/IMG_7839-scaled.jpg'><img loading=\"lazy\" decoding=\"async\"  width=\"1024\" height=\"768\" src=\"https:\/\/reseau-iles-casamance.org\/wp-content\/uploads\/2023\/12\/IMG_7839-1024x768.jpg\"  class='colibri-1143-c20-image' alt=\"\" srcset=\"https:\/\/reseau-iles-casamance.org\/wp-content\/uploads\/2023\/12\/IMG_7839-1024x768.jpg 1024w, https:\/\/reseau-iles-casamance.org\/wp-content\/uploads\/2023\/12\/IMG_7839-300x225.jpg 300w, https:\/\/reseau-iles-casamance.org\/wp-content\/uploads\/2023\/12\/IMG_7839-768x576.jpg 768w, https:\/\/reseau-iles-casamance.org\/wp-content\/uploads\/2023\/12\/IMG_7839-1536x1152.jpg 1536w, https:\/\/reseau-iles-casamance.org\/wp-content\/uploads\/2023\/12\/IMG_7839-2048x1536.jpg 2048w\" sizes=\"(max-width: 1024px) 100vw, 1024px\" \/><\/a>\n\t\t\t<\/dt><\/dl><dl class='gallery-item masonry-item'>\n\t\t\t<dt class='gallery-icon landscape'>\n\t\t\t\t<a data-fancybox=\"colibri-1143-c20-group\" href='https:\/\/reseau-iles-casamance.org\/wp-content\/uploads\/2023\/12\/IMG_20200307_101150-scaled.jpg'><img loading=\"lazy\" decoding=\"async\"  width=\"1024\" height=\"768\" src=\"https:\/\/reseau-iles-casamance.org\/wp-content\/uploads\/2023\/12\/IMG_20200307_101150-1024x768.jpg\"  class='colibri-1143-c20-image' alt=\"\" srcset=\"https:\/\/reseau-iles-casamance.org\/wp-content\/uploads\/2023\/12\/IMG_20200307_101150-1024x768.jpg 1024w, https:\/\/reseau-iles-casamance.org\/wp-content\/uploads\/2023\/12\/IMG_20200307_101150-300x225.jpg 300w, https:\/\/reseau-iles-casamance.org\/wp-content\/uploads\/2023\/12\/IMG_20200307_101150-768x576.jpg 768w, https:\/\/reseau-iles-casamance.org\/wp-content\/uploads\/2023\/12\/IMG_20200307_101150-1536x1152.jpg 1536w, https:\/\/reseau-iles-casamance.org\/wp-content\/uploads\/2023\/12\/IMG_20200307_101150-2048x1536.jpg 2048w\" sizes=\"(max-width: 1024px) 100vw, 1024px\" \/><\/a>\n\t\t\t<\/dt><\/dl><dl class='gallery-item masonry-item'>\n\t\t\t<dt class='gallery-icon landscape'>\n\t\t\t\t<a data-fancybox=\"colibri-1143-c20-group\" href='https:\/\/reseau-iles-casamance.org\/wp-content\/uploads\/2023\/12\/IMG_20200310_123622-scaled.jpg'><img loading=\"lazy\" decoding=\"async\"  width=\"1024\" height=\"768\" src=\"https:\/\/reseau-iles-casamance.org\/wp-content\/uploads\/2023\/12\/IMG_20200310_123622-1024x768.jpg\"  class='colibri-1143-c20-image' alt=\"\" srcset=\"https:\/\/reseau-iles-casamance.org\/wp-content\/uploads\/2023\/12\/IMG_20200310_123622-1024x768.jpg 1024w, https:\/\/reseau-iles-casamance.org\/wp-content\/uploads\/2023\/12\/IMG_20200310_123622-300x225.jpg 300w, https:\/\/reseau-iles-casamance.org\/wp-content\/uploads\/2023\/12\/IMG_20200310_123622-768x576.jpg 768w, https:\/\/reseau-iles-casamance.org\/wp-content\/uploads\/2023\/12\/IMG_20200310_123622-1536x1152.jpg 1536w, https:\/\/reseau-iles-casamance.org\/wp-content\/uploads\/2023\/12\/IMG_20200310_123622-2048x1536.jpg 2048w\" sizes=\"(max-width: 1024px) 100vw, 1024px\" \/><\/a>\n\t\t\t<\/dt><\/dl>\n\t\t<\/div>\n<style>#colibri-1143-c20 .wp-caption-text.gallery-caption{display:none;}<\/style><\/div><\/div>\r\n                <\/div>\r\n              <\/div>\r\n            <\/div>\r\n          <\/div>\r\n        <\/div>\r\n      <\/div>\r\n    <\/div>\r\n  <\/div>\r\n<\/div>","protected":false},"excerpt":{"rendered":"<p>Autonomisation \u00e9conomique des femmes des iles L\u2019autonomisation des femmes des \u00eeles commence par leurs acc\u00e8s aux opportunit\u00e9s \u00e9conomiques. Dans les petites de la Casamance, les activit\u00e9s \u00e9conomiques des femmes tournent autour de la cueillette des produits halieutiques (coquillages, etc.), des produits forestiers et la transformation de ces produits pour la commercialisation&nbsp;; l\u2019agriculture n\u2019\u00e9tant pas une [&hellip;]<\/p>\n","protected":false},"author":1,"featured_media":0,"parent":0,"menu_order":0,"comment_status":"closed","ping_status":"closed","template":"page-templates\/full-width-page.php","meta":{"om_disable_all_campaigns":false,"_monsterinsights_skip_tracking":false,"_monsterinsights_sitenote_active":false,"_monsterinsights_sitenote_note":"","_monsterinsights_sitenote_category":0,"footnotes":""},"class_list":["post-1143","page","type-page","status-publish","hentry"],"aioseo_notices":[],"_links":{"self":[{"href":"https:\/\/reseau-iles-casamance.org\/index.php?rest_route=\/wp\/v2\/pages\/1143","targetHints":{"allow":["GET"]}}],"collection":[{"href":"https:\/\/reseau-iles-casamance.org\/index.php?rest_route=\/wp\/v2\/pages"}],"about":[{"href":"https:\/\/reseau-iles-casamance.org\/index.php?rest_route=\/wp\/v2\/types\/page"}],"author":[{"embeddable":true,"href":"https:\/\/reseau-iles-casamance.org\/index.php?rest_route=\/wp\/v2\/users\/1"}],"replies":[{"embeddable":true,"href":"https:\/\/reseau-iles-casamance.org\/index.php?rest_route=%2Fwp%2Fv2%2Fcomments&post=1143"}],"version-history":[{"count":5,"href":"https:\/\/reseau-iles-casamance.org\/index.php?rest_route=\/wp\/v2\/pages\/1143\/revisions"}],"predecessor-version":[{"id":3113,"href":"https:\/\/reseau-iles-casamance.org\/index.php?rest_route=\/wp\/v2\/pages\/1143\/revisions\/3113"}],"wp:attachment":[{"href":"https:\/\/reseau-iles-casamance.org\/index.php?rest_route=%2Fwp%2Fv2%2Fmedia&parent=1143"}],"curies":[{"name":"wp","href":"https:\/\/api.w.org\/{rel}","templated":true}]}}