{"id":1153,"date":"2023-11-14T15:27:45","date_gmt":"2023-11-14T14:27:45","guid":{"rendered":"https:\/\/reseau-iles-casamance.org\/?page_id=1153"},"modified":"2023-12-24T17:12:19","modified_gmt":"2023-12-24T16:12:19","slug":"education-en-milieu-enclave","status":"publish","type":"page","link":"https:\/\/reseau-iles-casamance.org\/?page_id=1153","title":{"rendered":"Education en milieu enclav\u00e9"},"content":{"rendered":"<div data-colibri-id=\"1153-c1\" class=\"style-1092 style-local-1153-c1 position-relative\">\n  <!---->\n  <div data-colibri-component=\"section\" data-colibri-id=\"1153-c17\" id=\"photo-gallery\" class=\"h-section h-section-global-spacing d-flex align-items-lg-center align-items-md-center align-items-center style-1611 style-local-1153-c17 position-relative\">\n    <!---->\n    <!---->\n    <div class=\"h-section-grid-container h-section-boxed-container\">\n      <div data-colibri-id=\"1153-c21\" class=\"h-row-container gutters-row-lg-2 gutters-row-md-2 gutters-row-2 gutters-row-v-lg-2 gutters-row-v-md-2 gutters-row-v-2 style-1615 style-local-1153-c21 position-relative\">\n        <!---->\n        <div class=\"h-row justify-content-lg-center justify-content-md-center justify-content-center align-items-lg-stretch align-items-md-stretch align-items-stretch gutters-col-lg-2 gutters-col-md-2 gutters-col-2 gutters-col-v-lg-2 gutters-col-v-md-2 gutters-col-v-2\">\n          <!---->\n          <div class=\"h-column h-column-container d-flex h-col-lg-auto h-col-md-auto h-col-auto style-1616-outer style-local-1153-c22-outer\">\n            <div data-colibri-id=\"1153-c22\" class=\"d-flex h-flex-basis h-column__inner h-px-lg-2 h-px-md-2 h-px-2 v-inner-lg-2 v-inner-md-2 v-inner-2 style-1616 style-local-1153-c22 position-relative\">\n              <!---->\n              <!---->\n              <div class=\"w-100 h-y-container h-column__content h-column__v-align flex-basis-100 align-self-lg-start align-self-md-start align-self-start\">\n                <!---->\n                <div data-colibri-id=\"1153-c23\" class=\"h-global-transition-all h-heading style-1617 style-local-1153-c23 position-relative h-element\">\n                  <!---->\n                  <div class=\"h-heading__outer style-1617 style-local-1153-c23\">\n                    <!---->\n                    <!---->\n                    <h2 class=\"\">Education en milieu enclav\u00e9 <\/h2>\n                  <\/div>\n                <\/div>\n                <div data-colibri-id=\"1153-c24\" class=\"h-text h-text-component style-1618 style-local-1153-c24 position-relative h-element\">\n                  <!---->\n                  <!---->\n                  <div class=\"\">\n                    <p>Les petites \u00eeles de la Casamance sont d\u00e9ficitaires en mati\u00e8re d\u2019infrastructures et d\u2019\u00e9quipements solaires. C\u2019est pourquoi, l\u2019\u00e9ducation est l\u2019une des causes principales du d\u00e9peuplement p\u00e9riodique des \u00eeles. Jusqu\u2019\u00e0 une p\u00e9riode r\u00e9cente,\n                      pour \u00e9tudier, les enfants des \u00eeles devaient quitter leurs villages pour rejoindre le continent dans les villages o\u00f9 il y avait des \u00e9coles publiques.&nbsp;D\u00e8s l\u2019\u00e2ge de 6 \u00e0 7 ans, beaucoup d\u2019enfants \u00e9taient ainsi s\u00e9par\u00e9s de leurs familles\n                      car ils devaient \u00eatre confi\u00e9s \u00e0 des familles situ\u00e9es dans les villages o\u00f9 il y a des \u00e9coles publiques. Pour les enfants de familles qui n\u2019avaient de contacts dans les villages, ils n\u2019avaient pas la possibilit\u00e9 d&rsquo;\u00eatre scolaris\u00e9s.&nbsp;<\/p>\n                    <p>Pour lutter contre cette injustice, les populations de chaque village ont donc commenc\u00e9 \u00e0 faire des \u00e9pargnes et \u00e0 chercher des partenaires pour la construction d\u2019\u00e9coles. L\u2019argent collect\u00e9 gr\u00e2ce aux \u00e9pargnes a permis la construction\n                      des premi\u00e8res salles de classe des \u00eeles. Progressivement, la population a commenc\u00e9 \u00e0 construire des \u00e9coles \u00e9l\u00e9mentaires dans leurs villages et a sollicit\u00e9 \u00e0 l\u2019Etat l\u2019affectation d\u2019enseignants. Aujourd\u2019hui, dans plusieurs \u00eeles il\n                      y a certes des \u00e9coles avec 2 \u00e0 3 salles de classe construites par la population sur fond propre et gr\u00e2ce \u00e0 l\u2019appui de partenaires \u00e9trangers. Il faut noter que les touristes qui visitent les \u00eeles et qui voient les conditions pr\u00e9caires\n                      dans lesquelles \u00e9tudient les enfants des \u00eeles, \u00e0 leur retour dans leurs pays, aident souvent les villageois des \u00eeles dans leurs initiatives.&nbsp;<\/p>\n                    <p>L\u2019offre \u00e9ducatif reste encore faible malgr\u00e9 les efforts des populations locales et des quelques partenaires \u00e9trangers. Ces efforts ont permis de faire passer l\u2019\u00e2ge d\u2019\u00e9migration des enfants, qui passe de 6 ou 7 ans \u00e0 12 ou 13 ans. Puisqu\u2019il\n                      y a maintenant des \u00e9coles primaires (\u00e0 renforcer) dans la plupart des \u00eeles, les enfants peuvent faire leur cycle \u00e9l\u00e9mentaire dans les \u00eeles mais juste apr\u00e8s le cycle primaire, ils doivent aller habiter dans un village o\u00f9 il y a une\n                      \u00e9cole secondaire, s\u2019ils veulent poursuivre les \u00e9tudes. Ceci explique le manque de jeunes dans les \u00eeles entre les mois d\u2019octobre et de juillet qui co\u00efncident avec l\u2019ann\u00e9e scolaire au S\u00e9n\u00e9gal. Plus de 80% des jeunes ne sont pas dans\n                      les \u00eeles \u00e0 cette p\u00e9riode, parce qu\u2019ils sont partis \u00e9tudier ou chercher du travail ailleurs.&nbsp;<\/p>\n                    <p>Notre organisation, le R\u00e9seau des \u00celes de Basse Casamance, travaille \u00e0 renforcer l\u2019offre scolaire dans nos petites \u00eeles en d\u00e9veloppant des projets de construction de salles de classe modernes pour que toutes les \u00e9coles \u00e9l\u00e9mentaires\n                      aient des cycles complets, mais aussi en construisant des \u00e9coles secondaires pour que les enfants effectuent leurs cursus scolaires aupr\u00e8s de leurs familles au moins jusqu\u2019au baccalaur\u00e9at. Nous voulons aussi faire des \u00e9coles un espace\n                      d\u2019\u00e9panouissement pour les enfants en d\u00e9veloppant des projets de modernisation des \u00e9coles (r\u00e9novation, construction et \u00e9quipement) et de construction d\u2019espaces de loisir propices au d\u00e9veloppement de l\u2019enfance.&nbsp;<\/p>\n                  <\/div>\n                <\/div>\n              <\/div>\n            <\/div>\n          <\/div>\n        <\/div>\n      <\/div>\n      <div data-colibri-id=\"1153-c18\" class=\"h-row-container gutters-row-lg-2 gutters-row-md-2 gutters-row-2 gutters-row-v-lg-2 gutters-row-v-md-2 gutters-row-v-2 style-1612 style-local-1153-c18 position-relative\">\n        <!---->\n        <div class=\"h-row justify-content-lg-center justify-content-md-center justify-content-center align-items-lg-stretch align-items-md-stretch align-items-stretch gutters-col-lg-2 gutters-col-md-2 gutters-col-2 gutters-col-v-lg-2 gutters-col-v-md-2 gutters-col-v-2\">\n          <!---->\n          <div class=\"h-column h-column-container d-flex h-col-lg-auto h-col-md-auto h-col-auto style-1613-outer style-local-1153-c19-outer\">\n            <div data-colibri-id=\"1153-c19\" class=\"d-flex h-flex-basis h-column__inner h-px-lg-2 h-px-md-2 h-px-2 v-inner-lg-2 v-inner-md-2 v-inner-2 style-1613 style-local-1153-c19 position-relative\">\n              <!---->\n              <!---->\n              <div class=\"w-100 h-y-container h-column__content h-column__v-align flex-basis-100 align-self-lg-start align-self-md-start align-self-start\">\n                <!---->\n                <div data-colibri-component=\"masonry\" data-colibri-id=\"1153-c20\" class=\"h-photo-gallery margin-none caption-none style-1614 style-local-1153-c20 position-relative h-element\">\n                  <!---->\n                  <div class=\"h-global-transition-all caption-wrapper-full\"><div id='colibri-1153-c20' class='gallery-wrapper'>    <style type=\"text\/css\">\n\n        @media (min-width: 1023px) {        #colibri-1153-c20        dl {\n            float: left;\n            width: 33.333333333333% !important;\n            max-width: 33.333333333333% !important;\n            min-width: 33.333333333333% !important;\n        }\n\n        #colibri-1153-c20        dl:nth-of-type(3n +1 ) {\n            clear: both;\n        }\n\n        }@media (min-width: 768px) and (max-width: 1023px) {        #colibri-1153-c20        dl {\n            float: left;\n            width: 33.333333333333% !important;\n            max-width: 33.333333333333% !important;\n            min-width: 33.333333333333% !important;\n        }\n\n        #colibri-1153-c20        dl:nth-of-type(3n +1 ) {\n            clear: both;\n        }\n\n        }@media (max-width: 767px) {        #colibri-1153-c20        dl {\n            float: left;\n            width: 50% !important;\n            max-width: 50% !important;\n            min-width: 50% !important;\n        }\n\n        #colibri-1153-c20        dl:nth-of-type(2n +1 ) {\n            clear: both;\n        }\n\n        }\n        #colibri-1153-c20        .gallery-item {\n            position: relative;\n        }\n\n        \n    <\/style>\n    <div   class='colibri-1153-c20-dls-wrapper gallery-items-wrapper' ><dl class='gallery-item masonry-item'>\n\t\t\t<dt class='gallery-icon landscape'>\n\t\t\t\t<a data-fancybox=\"colibri-1153-c20-group\" href='https:\/\/reseau-iles-casamance.org\/wp-content\/uploads\/2023\/12\/8.jpeg'><img fetchpriority=\"high\" decoding=\"async\"  width=\"1024\" height=\"768\" src=\"https:\/\/reseau-iles-casamance.org\/wp-content\/uploads\/2023\/12\/8-1024x768.jpeg\"  class='colibri-1153-c20-image' alt=\"\" srcset=\"https:\/\/reseau-iles-casamance.org\/wp-content\/uploads\/2023\/12\/8-1024x768.jpeg 1024w, https:\/\/reseau-iles-casamance.org\/wp-content\/uploads\/2023\/12\/8-300x225.jpeg 300w, https:\/\/reseau-iles-casamance.org\/wp-content\/uploads\/2023\/12\/8-768x576.jpeg 768w, https:\/\/reseau-iles-casamance.org\/wp-content\/uploads\/2023\/12\/8.jpeg 1280w\" sizes=\"(max-width: 1024px) 100vw, 1024px\" \/><\/a>\n\t\t\t<\/dt><\/dl><dl class='gallery-item masonry-item'>\n\t\t\t<dt class='gallery-icon landscape'>\n\t\t\t\t<a data-fancybox=\"colibri-1153-c20-group\" href='https:\/\/reseau-iles-casamance.org\/wp-content\/uploads\/2023\/12\/DSC_0053-scaled.jpg'><img decoding=\"async\"  width=\"1024\" height=\"681\" src=\"https:\/\/reseau-iles-casamance.org\/wp-content\/uploads\/2023\/12\/DSC_0053-1024x681.jpg\"  class='colibri-1153-c20-image' alt=\"\" srcset=\"https:\/\/reseau-iles-casamance.org\/wp-content\/uploads\/2023\/12\/DSC_0053-1024x681.jpg 1024w, https:\/\/reseau-iles-casamance.org\/wp-content\/uploads\/2023\/12\/DSC_0053-300x199.jpg 300w, https:\/\/reseau-iles-casamance.org\/wp-content\/uploads\/2023\/12\/DSC_0053-768x511.jpg 768w, https:\/\/reseau-iles-casamance.org\/wp-content\/uploads\/2023\/12\/DSC_0053-1536x1021.jpg 1536w, https:\/\/reseau-iles-casamance.org\/wp-content\/uploads\/2023\/12\/DSC_0053-2048x1362.jpg 2048w\" sizes=\"(max-width: 1024px) 100vw, 1024px\" \/><\/a>\n\t\t\t<\/dt><\/dl><dl class='gallery-item masonry-item'>\n\t\t\t<dt class='gallery-icon landscape'>\n\t\t\t\t<a data-fancybox=\"colibri-1153-c20-group\" href='https:\/\/reseau-iles-casamance.org\/wp-content\/uploads\/2023\/12\/DSC_0072-scaled.jpg'><img decoding=\"async\"  width=\"1024\" height=\"681\" src=\"https:\/\/reseau-iles-casamance.org\/wp-content\/uploads\/2023\/12\/DSC_0072-1024x681.jpg\"  class='colibri-1153-c20-image' alt=\"\" srcset=\"https:\/\/reseau-iles-casamance.org\/wp-content\/uploads\/2023\/12\/DSC_0072-1024x681.jpg 1024w, https:\/\/reseau-iles-casamance.org\/wp-content\/uploads\/2023\/12\/DSC_0072-300x199.jpg 300w, https:\/\/reseau-iles-casamance.org\/wp-content\/uploads\/2023\/12\/DSC_0072-768x511.jpg 768w, https:\/\/reseau-iles-casamance.org\/wp-content\/uploads\/2023\/12\/DSC_0072-1536x1021.jpg 1536w, https:\/\/reseau-iles-casamance.org\/wp-content\/uploads\/2023\/12\/DSC_0072-2048x1362.jpg 2048w\" sizes=\"(max-width: 1024px) 100vw, 1024px\" \/><\/a>\n\t\t\t<\/dt><\/dl><dl class='gallery-item masonry-item'>\n\t\t\t<dt class='gallery-icon landscape'>\n\t\t\t\t<a data-fancybox=\"colibri-1153-c20-group\" href='https:\/\/reseau-iles-casamance.org\/wp-content\/uploads\/2023\/12\/DSC_0074-1-scaled.jpg'><img loading=\"lazy\" decoding=\"async\"  width=\"1024\" height=\"681\" src=\"https:\/\/reseau-iles-casamance.org\/wp-content\/uploads\/2023\/12\/DSC_0074-1-1024x681.jpg\"  class='colibri-1153-c20-image' alt=\"\" srcset=\"https:\/\/reseau-iles-casamance.org\/wp-content\/uploads\/2023\/12\/DSC_0074-1-1024x681.jpg 1024w, https:\/\/reseau-iles-casamance.org\/wp-content\/uploads\/2023\/12\/DSC_0074-1-300x199.jpg 300w, https:\/\/reseau-iles-casamance.org\/wp-content\/uploads\/2023\/12\/DSC_0074-1-768x511.jpg 768w, https:\/\/reseau-iles-casamance.org\/wp-content\/uploads\/2023\/12\/DSC_0074-1-1536x1021.jpg 1536w, https:\/\/reseau-iles-casamance.org\/wp-content\/uploads\/2023\/12\/DSC_0074-1-2048x1362.jpg 2048w\" sizes=\"(max-width: 1024px) 100vw, 1024px\" \/><\/a>\n\t\t\t<\/dt><\/dl><dl class='gallery-item masonry-item'>\n\t\t\t<dt class='gallery-icon landscape'>\n\t\t\t\t<a data-fancybox=\"colibri-1153-c20-group\" href='https:\/\/reseau-iles-casamance.org\/wp-content\/uploads\/2023\/12\/DSC_0383-scaled.jpg'><img loading=\"lazy\" decoding=\"async\"  width=\"1024\" height=\"681\" src=\"https:\/\/reseau-iles-casamance.org\/wp-content\/uploads\/2023\/12\/DSC_0383-1024x681.jpg\"  class='colibri-1153-c20-image' alt=\"\" srcset=\"https:\/\/reseau-iles-casamance.org\/wp-content\/uploads\/2023\/12\/DSC_0383-1024x681.jpg 1024w, https:\/\/reseau-iles-casamance.org\/wp-content\/uploads\/2023\/12\/DSC_0383-300x199.jpg 300w, https:\/\/reseau-iles-casamance.org\/wp-content\/uploads\/2023\/12\/DSC_0383-768x511.jpg 768w, https:\/\/reseau-iles-casamance.org\/wp-content\/uploads\/2023\/12\/DSC_0383-1536x1021.jpg 1536w, https:\/\/reseau-iles-casamance.org\/wp-content\/uploads\/2023\/12\/DSC_0383-2048x1362.jpg 2048w\" sizes=\"(max-width: 1024px) 100vw, 1024px\" \/><\/a>\n\t\t\t<\/dt><\/dl><dl class='gallery-item masonry-item'>\n\t\t\t<dt class='gallery-icon landscape'>\n\t\t\t\t<a data-fancybox=\"colibri-1153-c20-group\" href='https:\/\/reseau-iles-casamance.org\/wp-content\/uploads\/2023\/12\/DSC_0448-1-scaled.jpg'><img loading=\"lazy\" decoding=\"async\"  width=\"1024\" height=\"683\" src=\"https:\/\/reseau-iles-casamance.org\/wp-content\/uploads\/2023\/12\/DSC_0448-1-1024x683.jpg\"  class='colibri-1153-c20-image' alt=\"\" srcset=\"https:\/\/reseau-iles-casamance.org\/wp-content\/uploads\/2023\/12\/DSC_0448-1-1024x683.jpg 1024w, https:\/\/reseau-iles-casamance.org\/wp-content\/uploads\/2023\/12\/DSC_0448-1-300x200.jpg 300w, https:\/\/reseau-iles-casamance.org\/wp-content\/uploads\/2023\/12\/DSC_0448-1-768x512.jpg 768w, https:\/\/reseau-iles-casamance.org\/wp-content\/uploads\/2023\/12\/DSC_0448-1-1536x1024.jpg 1536w, https:\/\/reseau-iles-casamance.org\/wp-content\/uploads\/2023\/12\/DSC_0448-1-2048x1365.jpg 2048w\" sizes=\"(max-width: 1024px) 100vw, 1024px\" \/><\/a>\n\t\t\t<\/dt><\/dl><dl class='gallery-item masonry-item'>\n\t\t\t<dt class='gallery-icon landscape'>\n\t\t\t\t<a data-fancybox=\"colibri-1153-c20-group\" href='https:\/\/reseau-iles-casamance.org\/wp-content\/uploads\/2023\/12\/DSC_0719-2-scaled.jpg'><img loading=\"lazy\" decoding=\"async\"  width=\"1024\" height=\"683\" src=\"https:\/\/reseau-iles-casamance.org\/wp-content\/uploads\/2023\/12\/DSC_0719-2-1024x683.jpg\"  class='colibri-1153-c20-image' alt=\"\" srcset=\"https:\/\/reseau-iles-casamance.org\/wp-content\/uploads\/2023\/12\/DSC_0719-2-1024x683.jpg 1024w, https:\/\/reseau-iles-casamance.org\/wp-content\/uploads\/2023\/12\/DSC_0719-2-300x200.jpg 300w, https:\/\/reseau-iles-casamance.org\/wp-content\/uploads\/2023\/12\/DSC_0719-2-768x512.jpg 768w, https:\/\/reseau-iles-casamance.org\/wp-content\/uploads\/2023\/12\/DSC_0719-2-1536x1024.jpg 1536w, https:\/\/reseau-iles-casamance.org\/wp-content\/uploads\/2023\/12\/DSC_0719-2-2048x1365.jpg 2048w\" sizes=\"(max-width: 1024px) 100vw, 1024px\" \/><\/a>\n\t\t\t<\/dt><\/dl><dl class='gallery-item masonry-item'>\n\t\t\t<dt class='gallery-icon landscape'>\n\t\t\t\t<a data-fancybox=\"colibri-1153-c20-group\" href='https:\/\/reseau-iles-casamance.org\/wp-content\/uploads\/2023\/12\/DSC_0990-scaled.jpg'><img loading=\"lazy\" decoding=\"async\"  width=\"1024\" height=\"683\" src=\"https:\/\/reseau-iles-casamance.org\/wp-content\/uploads\/2023\/12\/DSC_0990-1024x683.jpg\"  class='colibri-1153-c20-image' alt=\"\" srcset=\"https:\/\/reseau-iles-casamance.org\/wp-content\/uploads\/2023\/12\/DSC_0990-1024x683.jpg 1024w, https:\/\/reseau-iles-casamance.org\/wp-content\/uploads\/2023\/12\/DSC_0990-300x200.jpg 300w, https:\/\/reseau-iles-casamance.org\/wp-content\/uploads\/2023\/12\/DSC_0990-768x512.jpg 768w, https:\/\/reseau-iles-casamance.org\/wp-content\/uploads\/2023\/12\/DSC_0990-1536x1024.jpg 1536w, https:\/\/reseau-iles-casamance.org\/wp-content\/uploads\/2023\/12\/DSC_0990-2048x1365.jpg 2048w\" sizes=\"(max-width: 1024px) 100vw, 1024px\" \/><\/a>\n\t\t\t<\/dt><\/dl><dl class='gallery-item masonry-item'>\n\t\t\t<dt class='gallery-icon landscape'>\n\t\t\t\t<a data-fancybox=\"colibri-1153-c20-group\" href='https:\/\/reseau-iles-casamance.org\/wp-content\/uploads\/2023\/12\/IMG_7204-scaled.jpg'><img loading=\"lazy\" decoding=\"async\"  width=\"1024\" height=\"683\" src=\"https:\/\/reseau-iles-casamance.org\/wp-content\/uploads\/2023\/12\/IMG_7204-1024x683.jpg\"  class='colibri-1153-c20-image' alt=\"\" srcset=\"https:\/\/reseau-iles-casamance.org\/wp-content\/uploads\/2023\/12\/IMG_7204-1024x683.jpg 1024w, https:\/\/reseau-iles-casamance.org\/wp-content\/uploads\/2023\/12\/IMG_7204-300x200.jpg 300w, https:\/\/reseau-iles-casamance.org\/wp-content\/uploads\/2023\/12\/IMG_7204-768x512.jpg 768w, https:\/\/reseau-iles-casamance.org\/wp-content\/uploads\/2023\/12\/IMG_7204-1536x1024.jpg 1536w, https:\/\/reseau-iles-casamance.org\/wp-content\/uploads\/2023\/12\/IMG_7204-2048x1365.jpg 2048w\" sizes=\"(max-width: 1024px) 100vw, 1024px\" \/><\/a>\n\t\t\t<\/dt><\/dl>\n\t\t\t\n\t\t<\/div>\n<style>#colibri-1153-c20 .wp-caption-text.gallery-caption{display:none;}<\/style><\/div><\/div>\n                <\/div>\n              <\/div>\n            <\/div>\n          <\/div>\n        <\/div>\n      <\/div>\n    <\/div>\n  <\/div>\n<\/div>","protected":false},"excerpt":{"rendered":"<p>Education en milieu enclav\u00e9 Les petites \u00eeles de la Casamance sont d\u00e9ficitaires en mati\u00e8re d\u2019infrastructures et d\u2019\u00e9quipements solaires. C\u2019est pourquoi, l\u2019\u00e9ducation est l\u2019une des causes principales du d\u00e9peuplement p\u00e9riodique des \u00eeles. Jusqu\u2019\u00e0 une p\u00e9riode r\u00e9cente, pour \u00e9tudier, les enfants des \u00eeles devaient quitter leurs villages pour rejoindre le continent dans les villages o\u00f9 il y [&hellip;]<\/p>\n","protected":false},"author":1,"featured_media":0,"parent":0,"menu_order":0,"comment_status":"closed","ping_status":"closed","template":"page-templates\/full-width-page.php","meta":{"om_disable_all_campaigns":false,"_monsterinsights_skip_tracking":false,"_monsterinsights_sitenote_active":false,"_monsterinsights_sitenote_note":"","_monsterinsights_sitenote_category":0,"footnotes":""},"class_list":["post-1153","page","type-page","status-publish","hentry"],"aioseo_notices":[],"_links":{"self":[{"href":"https:\/\/reseau-iles-casamance.org\/index.php?rest_route=\/wp\/v2\/pages\/1153","targetHints":{"allow":["GET"]}}],"collection":[{"href":"https:\/\/reseau-iles-casamance.org\/index.php?rest_route=\/wp\/v2\/pages"}],"about":[{"href":"https:\/\/reseau-iles-casamance.org\/index.php?rest_route=\/wp\/v2\/types\/page"}],"author":[{"embeddable":true,"href":"https:\/\/reseau-iles-casamance.org\/index.php?rest_route=\/wp\/v2\/users\/1"}],"replies":[{"embeddable":true,"href":"https:\/\/reseau-iles-casamance.org\/index.php?rest_route=%2Fwp%2Fv2%2Fcomments&post=1153"}],"version-history":[{"count":5,"href":"https:\/\/reseau-iles-casamance.org\/index.php?rest_route=\/wp\/v2\/pages\/1153\/revisions"}],"predecessor-version":[{"id":3094,"href":"https:\/\/reseau-iles-casamance.org\/index.php?rest_route=\/wp\/v2\/pages\/1153\/revisions\/3094"}],"wp:attachment":[{"href":"https:\/\/reseau-iles-casamance.org\/index.php?rest_route=%2Fwp%2Fv2%2Fmedia&parent=1153"}],"curies":[{"name":"wp","href":"https:\/\/api.w.org\/{rel}","templated":true}]}}