{"id":4211,"date":"2025-10-19T15:51:26","date_gmt":"2025-10-19T13:51:26","guid":{"rendered":"https:\/\/reseau-iles-casamance.org\/?page_id=4211"},"modified":"2025-10-19T15:51:27","modified_gmt":"2025-10-19T13:51:27","slug":"hotel-carabane","status":"publish","type":"page","link":"https:\/\/reseau-iles-casamance.org\/?page_id=4211","title":{"rendered":"HOTEL CARABANE"},"content":{"rendered":"\n<p><strong>HOTEL CARABANE<\/strong><\/p>\n\n\n\n<p>Contacts du g\u00e9rant : 775497203 \/ 775690284<\/p>\n\n\n\n<figure class=\"wp-block-table\"><table class=\"has-fixed-layout\"><tbody><tr><td>Capacit\u00e9 d\u2019accueil :<\/td><td>24 personnes<\/td><\/tr><tr><td>Nombre de chambres :<\/td><td>12 chambres (doubles)<\/td><\/tr><tr><td>Co\u00fbt de la nuit\u00e9e<\/td><td>20.000 f cfa<\/td><\/tr><tr><td colspan=\"2\"><strong>Cout de la restauration<\/strong><strong><\/strong><\/td><\/tr><tr><td>Un repas (menu fixe)<\/td><td>5.000 f cfa<\/td><\/tr><tr><td>Un petit d\u00e9jeuner<\/td><td>1.500 f cfa<\/td><\/tr><\/tbody><\/table><\/figure>\n\n\n\n<figure class=\"wp-block-table\"><table class=\"has-fixed-layout\"><tbody><tr><td>Demi-pension<\/td><td>31.000 f cfa<\/td><\/tr><tr><td>Pension compl\u00e8te<\/td><td>38.000 f cfa<\/td><\/tr><tr><td colspan=\"2\"><strong>N.B :<\/strong> Demi-pension = chambre + petit d\u00e9jeuner + d\u00eener Pension compl\u00e8te = chambre + petit d\u00e9jeuner + d\u00e9jeuner + d\u00eener<\/td><\/tr><tr><td>\u00c9lectricit\u00e9 et internet (wifi) :<\/td><td>Disponibles<\/td><\/tr><tr><td>Logistique de transport&nbsp;:<\/td><td>Disponibles<\/td><\/tr><tr><td>Salle r\u00e9union :<\/td><td>2 salles disponibles<\/td><\/tr><\/tbody><\/table><\/figure>\n\n\n\n<p><strong>Excursions<\/strong><\/p>\n\n\n\n<figure class=\"wp-block-table\"><table class=\"has-fixed-layout\"><tbody><tr><td>Hitou (\u00eele des f\u00e9ticheurs)<\/td><td>15.000 f cfa<\/td><\/tr><tr><td>Djiboma (bolong, hu\u00eetres)<\/td><td>15.000 f cfa<\/td><\/tr><tr><td>Ile d\u2019Oiseaux<\/td><td>20.000 f cfa<\/td><\/tr><tr><td>Diogu\u00e9 (village des p\u00eacheurs)<\/td><td>15.000 f cfa<\/td><\/tr><tr><td>Cachouane (la journ\u00e9e)<\/td><td>30.000 f cfa<\/td><\/tr><tr><td>Gnikine<\/td><td>15.000 f cfa<\/td><\/tr><\/tbody><\/table><\/figure>\n","protected":false},"excerpt":{"rendered":"<p>HOTEL CARABANE Contacts du g\u00e9rant : 775497203 \/ 775690284 Capacit\u00e9 d\u2019accueil : 24 personnes Nombre de chambres : 12 chambres (doubles) Co\u00fbt de la nuit\u00e9e 20.000 f cfa Cout de la restauration Un repas (menu fixe) 5.000 f cfa Un petit d\u00e9jeuner 1.500 f cfa Demi-pension 31.000 f cfa Pension compl\u00e8te 38.000 f cfa N.B [&hellip;]<\/p>\n","protected":false},"author":2,"featured_media":0,"parent":0,"menu_order":0,"comment_status":"closed","ping_status":"closed","template":"","meta":{"om_disable_all_campaigns":false,"_monsterinsights_skip_tracking":false,"_monsterinsights_sitenote_active":false,"_monsterinsights_sitenote_note":"","_monsterinsights_sitenote_category":0,"footnotes":""},"class_list":["post-4211","page","type-page","status-publish","hentry"],"aioseo_notices":[],"_links":{"self":[{"href":"https:\/\/reseau-iles-casamance.org\/index.php?rest_route=\/wp\/v2\/pages\/4211","targetHints":{"allow":["GET"]}}],"collection":[{"href":"https:\/\/reseau-iles-casamance.org\/index.php?rest_route=\/wp\/v2\/pages"}],"about":[{"href":"https:\/\/reseau-iles-casamance.org\/index.php?rest_route=\/wp\/v2\/types\/page"}],"author":[{"embeddable":true,"href":"https:\/\/reseau-iles-casamance.org\/index.php?rest_route=\/wp\/v2\/users\/2"}],"replies":[{"embeddable":true,"href":"https:\/\/reseau-iles-casamance.org\/index.php?rest_route=%2Fwp%2Fv2%2Fcomments&post=4211"}],"version-history":[{"count":2,"href":"https:\/\/reseau-iles-casamance.org\/index.php?rest_route=\/wp\/v2\/pages\/4211\/revisions"}],"predecessor-version":[{"id":4214,"href":"https:\/\/reseau-iles-casamance.org\/index.php?rest_route=\/wp\/v2\/pages\/4211\/revisions\/4214"}],"wp:attachment":[{"href":"https:\/\/reseau-iles-casamance.org\/index.php?rest_route=%2Fwp%2Fv2%2Fmedia&parent=4211"}],"curies":[{"name":"wp","href":"https:\/\/api.w.org\/{rel}","templated":true}]}}