{"id":4337,"date":"2025-10-19T21:15:52","date_gmt":"2025-10-19T19:15:52","guid":{"rendered":"https:\/\/reseau-iles-casamance.org\/?page_id=4337"},"modified":"2025-10-19T21:15:54","modified_gmt":"2025-10-19T19:15:54","slug":"campement-graine-de-paradis-cachouane","status":"publish","type":"page","link":"https:\/\/reseau-iles-casamance.org\/?page_id=4337","title":{"rendered":"CAMPEMENT GRAINE DE PARADIS (Cachouane)"},"content":{"rendered":"\n<p>Contacts du g\u00e9rant : +221 78 187 91 32<\/p>\n\n\n\n<figure class=\"wp-block-table\"><table class=\"has-fixed-layout\"><tbody><tr><td>Capacit\u00e9 d\u2019accueil :<\/td><td>12 personnes<\/td><\/tr><tr><td>Nombre de chambres :<\/td><td>8 chambres<\/td><\/tr><tr><td>Electricit\u00e9 et internet (wifi) :<\/td><td>Disponibles<\/td><\/tr><tr><td>Salle de r\u00e9union<\/td><td>Non disponible<\/td><\/tr><tr><td>Logistique de transport<\/td><td>Disponible<\/td><\/tr><tr><td colspan=\"2\"><strong>HEBERGEMENT : Co\u00fbt de la nuit\u00e9e<\/strong><\/td><\/tr><tr><td>Chambre double vue sur mer + petit d\u00e9jeuner<\/td><td>18 000 F CFA<\/td><\/tr><tr><td>Chambre double vue jardin + petit d\u00e9jeuner<\/td><td>16 000 F CFA<\/td><\/tr><tr><td>Chambre triple vue jardin + petit d\u00e9jeuner<\/td><td>23 000 F CFA&nbsp;&nbsp; &nbsp;&nbsp;&nbsp;&nbsp;&nbsp;&nbsp;&nbsp;&nbsp;<\/td><\/tr><tr><td>Chambre 4 personnes + petit d\u00e9jeuner<\/td><td>32 000 F CFA<\/td><\/tr><tr><td colspan=\"2\"><strong>RESTAURATION<\/strong><\/td><\/tr><tr><td>Tahitienne<\/td><td>6 000 F CFA<\/td><\/tr><tr><td>Poulet R\u00f4ti<\/td><td>6 000 F CFA<\/td><\/tr><tr><td>Poisson grill\u00e9<\/td><td>5 000 F CFA<\/td><\/tr><tr><td>P\u00e2te sauce tomate<\/td><td>6 000 F CFA<\/td><\/tr><tr><td>Crevettes<\/td><td>6 000 F CFA<\/td><\/tr><tr><td>Papillote de poisson<\/td><td>7 000 F CFA<\/td><\/tr><tr><td colspan=\"2\">Avec 2 garnitures au choix<\/td><\/tr><\/tbody><\/table><\/figure>\n\n\n\n<p><strong>Excursions<\/strong><\/p>\n\n\n\n<figure class=\"wp-block-table\"><table class=\"has-fixed-layout\"><tbody><tr><td>Cachouane &#8211; Carabane<\/td><td>25.000 f cfa<\/td><\/tr><tr><td>Cachouane &#8211; Wendaye<\/td><td>20.000 f cfa<\/td><\/tr><tr><td>Cachouane &#8211; Wendaye &#8211; Ehidj<\/td><td>35.000 f cfa<\/td><\/tr><tr><td>Cachouane &#8211; Elinkine (aller-retour)<\/td><td>20.000 f cfa<\/td><\/tr><tr><td>Cachouane Elinkine aller simple<\/td><td>20.000 f cfa<\/td><\/tr><\/tbody><\/table><\/figure>\n\n\n\n<p><\/p>\n","protected":false},"excerpt":{"rendered":"<p>Contacts du g\u00e9rant : +221 78 187 91 32 Capacit\u00e9 d\u2019accueil : 12 personnes Nombre de chambres : 8 chambres Electricit\u00e9 et internet (wifi) : Disponibles Salle de r\u00e9union Non disponible Logistique de transport Disponible HEBERGEMENT : Co\u00fbt de la nuit\u00e9e Chambre double vue sur mer + petit d\u00e9jeuner 18 000 F CFA Chambre double [&hellip;]<\/p>\n","protected":false},"author":2,"featured_media":3941,"parent":0,"menu_order":0,"comment_status":"closed","ping_status":"closed","template":"","meta":{"om_disable_all_campaigns":false,"_monsterinsights_skip_tracking":false,"_monsterinsights_sitenote_active":false,"_monsterinsights_sitenote_note":"","_monsterinsights_sitenote_category":0,"footnotes":""},"class_list":["post-4337","page","type-page","status-publish","has-post-thumbnail","hentry"],"aioseo_notices":[],"_links":{"self":[{"href":"https:\/\/reseau-iles-casamance.org\/index.php?rest_route=\/wp\/v2\/pages\/4337","targetHints":{"allow":["GET"]}}],"collection":[{"href":"https:\/\/reseau-iles-casamance.org\/index.php?rest_route=\/wp\/v2\/pages"}],"about":[{"href":"https:\/\/reseau-iles-casamance.org\/index.php?rest_route=\/wp\/v2\/types\/page"}],"author":[{"embeddable":true,"href":"https:\/\/reseau-iles-casamance.org\/index.php?rest_route=\/wp\/v2\/users\/2"}],"replies":[{"embeddable":true,"href":"https:\/\/reseau-iles-casamance.org\/index.php?rest_route=%2Fwp%2Fv2%2Fcomments&post=4337"}],"version-history":[{"count":1,"href":"https:\/\/reseau-iles-casamance.org\/index.php?rest_route=\/wp\/v2\/pages\/4337\/revisions"}],"predecessor-version":[{"id":4338,"href":"https:\/\/reseau-iles-casamance.org\/index.php?rest_route=\/wp\/v2\/pages\/4337\/revisions\/4338"}],"wp:featuredmedia":[{"embeddable":true,"href":"https:\/\/reseau-iles-casamance.org\/index.php?rest_route=\/wp\/v2\/media\/3941"}],"wp:attachment":[{"href":"https:\/\/reseau-iles-casamance.org\/index.php?rest_route=%2Fwp%2Fv2%2Fmedia&parent=4337"}],"curies":[{"name":"wp","href":"https:\/\/api.w.org\/{rel}","templated":true}]}}