{"id":4380,"date":"2025-10-19T21:27:24","date_gmt":"2025-10-19T19:27:24","guid":{"rendered":"https:\/\/reseau-iles-casamance.org\/?page_id=4380"},"modified":"2025-10-19T21:27:25","modified_gmt":"2025-10-19T19:27:25","slug":"campement-ile-degueye","status":"publish","type":"page","link":"https:\/\/reseau-iles-casamance.org\/?page_id=4380","title":{"rendered":"Campement \u00eele d&rsquo;Egueye"},"content":{"rendered":"\n<p>Contacts du g\u00e9rant : +221 77 544 80 80<\/p>\n\n\n\n<figure class=\"wp-block-table\"><table class=\"has-fixed-layout\"><tbody><tr><td>Capacit\u00e9 d\u2019accueil :<\/td><td colspan=\"2\">34 personnes<\/td><\/tr><tr><td>Nombre de chambres :<\/td><td colspan=\"2\">&nbsp;<\/td><\/tr><tr><td>Electricit\u00e9 et internet (wifi) :<\/td><td colspan=\"2\">Disponibles mais pas \u00e0 temps plein<\/td><\/tr><tr><td>Salle de r\u00e9union<\/td><td colspan=\"2\">Disponible<\/td><\/tr><tr><td>Logistique de transport<\/td><td colspan=\"2\">Disponible<\/td><\/tr><tr><td colspan=\"3\"><strong>HEBERGEMENT ET RESTAURATION<\/strong><strong><\/strong><\/td><\/tr><tr><td colspan=\"3\"><strong>Chambre single : <\/strong><strong><\/strong><\/td><\/tr><tr><td colspan=\"2\">Demie pension en double<\/td><td>27 000 f cfa<\/td><\/tr><tr><td colspan=\"2\">Pension compl\u00e8te en single<\/td><td>34 000 f cfa<\/td><\/tr><tr><td colspan=\"3\"><strong>Chambre double :<\/strong><strong><\/strong><\/td><\/tr><tr><td colspan=\"2\">Demie pension en double<\/td><td>42 000 f cfa<\/td><\/tr><tr><td colspan=\"2\">Pension compl\u00e8te en double<\/td><td>56 000 f cfa<\/td><\/tr><tr><td colspan=\"3\"><strong>Chambre triple<\/strong><\/td><\/tr><tr><td colspan=\"2\">Demie pension en double<\/td><td>63 000 f cfa<\/td><\/tr><tr><td colspan=\"2\">Pension compl\u00e8te en double<\/td><td>84 000 f cfa<\/td><\/tr><tr><td colspan=\"3\"><strong>Chambre quadruple<\/strong><strong><\/strong><\/td><\/tr><tr><td>Demie pension en double<\/td><td colspan=\"2\">84 000 f cfa<\/td><\/tr><tr><td>Pension compl\u00e8te en double<\/td><td colspan=\"2\">112 000 f cfa<\/td><\/tr><tr><td colspan=\"3\"><strong>Tarifs enfant <\/strong><strong><\/strong><\/td><\/tr><tr><td>0 \u00e0 4 ans<\/td><td colspan=\"2\">Gratuit<\/td><\/tr><tr><td>5 \u00e0 11 ans<\/td><td colspan=\"2\">demi-pension 10 000 f cfa pension compl\u00e8te 14 000 f cfa<\/td><\/tr><tr><td>Prix du menu<\/td><td colspan=\"2\">8000 F CFA \/ personne<\/td><\/tr><tr><td colspan=\"3\"><strong>TRANSFERTS &#8211; FORFAIT<\/strong><\/td><\/tr><tr><td colspan=\"3\"><strong>En Pirogue<\/strong><\/td><\/tr><tr><td colspan=\"3\">Diak\u00e8ne, Si h\u00e9bergements : Inclus<\/td><\/tr><tr><td colspan=\"2\">Si restauration seule :<\/td><td>1000 f cfa \/ personne<\/td><\/tr><tr><td colspan=\"2\">Autres transferts (aller-retour) :<\/td><td>2000 f cfa \/ personne<\/td><\/tr><tr><td colspan=\"2\">Elinkine<\/td><td>17 000 f cfa<\/td><\/tr><tr><td colspan=\"2\">Wendaye<\/td><td>20 000 f cfa<\/td><\/tr><tr><td colspan=\"2\">Diourwattou, Carabane, Ehidj, Cachouane, Katakalousse<\/td><td>35 000 f cfa<\/td><\/tr><tr><td colspan=\"3\"><strong>En Voiture<\/strong><\/td><\/tr><tr><td>Cap-Skirring<\/td><td colspan=\"2\">1 \u00e0 4 pers 15 000 c cfa \/ 5 \u00e0 7 pers 25 000 f cfa<\/td><\/tr><tr><td>Diemb\u00e9ring, Maya, Boucotte<\/td><td colspan=\"2\">19 000 f cfa<\/td><\/tr><tr><td>Oussouye<\/td><td colspan=\"2\">1 \u00e0 4 pers 12 000 c cfa \/ 5 \u00e0 7 pers 20 000 f cfa<\/td><\/tr><tr><td>Ziguinchor<\/td><td colspan=\"2\">1 \u00e0 4 pers 30 000 c cfa \/ 5 \u00e0 7 pers 45 000 f cfa<\/td><\/tr><tr><td colspan=\"3\"><strong>ACTIVITES<\/strong><\/td><\/tr><tr><td><strong>En Pirogue<\/strong><\/td><td colspan=\"2\">&nbsp;<\/td><\/tr><tr><td>Balade au bolong des crocodiles (1h \u00e0, 2h)<\/td><td colspan=\"2\">28 000 f cfa<\/td><\/tr><tr><td>\u00bd journ\u00e9e de p\u00eache, minimum 2 personnes<\/td><td colspan=\"2\">30 000 f cfa<\/td><\/tr><tr><td>Coucher du soleil \u00e0 l\u2019\u00eele des oiseaux<\/td><td colspan=\"2\">35 000 f cfa<\/td><\/tr><tr><td>\u00bd journ\u00e9e de fil dans les bolongs sur la route de Bijagos<\/td><td colspan=\"2\">25 000 f cfa<\/td><\/tr><tr><td>Journ\u00e9e en pirogue (repas non compris) Carabane, Wendaye, Ehidj ou Cachouane :<\/td><td colspan=\"2\">70 000 f cfa<\/td><\/tr><tr><td colspan=\"3\"><strong>En Voiture 4 X 4<\/strong><\/td><\/tr><tr><td>Journ\u00e9e \u00e0 la Pointe St Georges, Mlomp<\/td><td colspan=\"2\">(2 \u00e0 3 pers : 40 000 f cfa) (4 \u00e0 8 personnes : 130 000 f cfa)<\/td><\/tr><tr><td>Balade \u00e0 pied<\/td><td colspan=\"2\">2 000 f cfa \/ Danse traditionnelle des \u00e0 la demande<\/td><\/tr><\/tbody><\/table><\/figure>\n","protected":false},"excerpt":{"rendered":"<p>Contacts du g\u00e9rant : +221 77 544 80 80 Capacit\u00e9 d\u2019accueil : 34 personnes Nombre de chambres : &nbsp; Electricit\u00e9 et internet (wifi) : Disponibles mais pas \u00e0 temps plein Salle de r\u00e9union Disponible Logistique de transport Disponible HEBERGEMENT ET RESTAURATION Chambre single : Demie pension en double 27 000 f cfa Pension compl\u00e8te en [&hellip;]<\/p>\n","protected":false},"author":2,"featured_media":0,"parent":0,"menu_order":0,"comment_status":"closed","ping_status":"closed","template":"","meta":{"om_disable_all_campaigns":false,"_monsterinsights_skip_tracking":false,"_monsterinsights_sitenote_active":false,"_monsterinsights_sitenote_note":"","_monsterinsights_sitenote_category":0,"footnotes":""},"class_list":["post-4380","page","type-page","status-publish","hentry"],"aioseo_notices":[],"_links":{"self":[{"href":"https:\/\/reseau-iles-casamance.org\/index.php?rest_route=\/wp\/v2\/pages\/4380","targetHints":{"allow":["GET"]}}],"collection":[{"href":"https:\/\/reseau-iles-casamance.org\/index.php?rest_route=\/wp\/v2\/pages"}],"about":[{"href":"https:\/\/reseau-iles-casamance.org\/index.php?rest_route=\/wp\/v2\/types\/page"}],"author":[{"embeddable":true,"href":"https:\/\/reseau-iles-casamance.org\/index.php?rest_route=\/wp\/v2\/users\/2"}],"replies":[{"embeddable":true,"href":"https:\/\/reseau-iles-casamance.org\/index.php?rest_route=%2Fwp%2Fv2%2Fcomments&post=4380"}],"version-history":[{"count":1,"href":"https:\/\/reseau-iles-casamance.org\/index.php?rest_route=\/wp\/v2\/pages\/4380\/revisions"}],"predecessor-version":[{"id":4381,"href":"https:\/\/reseau-iles-casamance.org\/index.php?rest_route=\/wp\/v2\/pages\/4380\/revisions\/4381"}],"wp:attachment":[{"href":"https:\/\/reseau-iles-casamance.org\/index.php?rest_route=%2Fwp%2Fv2%2Fmedia&parent=4380"}],"curies":[{"name":"wp","href":"https:\/\/api.w.org\/{rel}","templated":true}]}}